{"id":2969,"date":"2024-09-05T17:13:19","date_gmt":"2024-09-05T17:13:19","guid":{"rendered":"https:\/\/mscreations.be\/?post_type=product&#038;p=2969"},"modified":"2024-09-05T17:26:43","modified_gmt":"2024-09-05T17:26:43","slug":"tableau-mes-premiers-sourires","status":"publish","type":"product","link":"http:\/\/mscreations.be\/index.php\/product\/tableau-mes-premiers-sourires\/","title":{"rendered":"Tableau &#8220;Mes premiers sourires&#8221;"},"content":{"rendered":"","protected":false},"excerpt":{"rendered":"<p>Immortalisez la premi\u00e8re ann\u00e9e de votre b\u00e9b\u00e9 avec ce magnifique cadre en bois personnalis\u00e9. Con\u00e7u avec soin, ce tableau permet d&#8217;afficher une photo pour chaque mois, retra\u00e7ant les moments pr\u00e9cieux de la croissance de votre enfant. Le pr\u00e9nom est grav\u00e9 avec \u00e9l\u00e9gance, accompagn\u00e9 de d\u00e9licates d\u00e9corations florales, ajoutant une touche&hellip;<\/p>\n","protected":false},"featured_media":2970,"comment_status":"open","ping_status":"closed","template":"","meta":{"_themeisle_gutenberg_block_has_review":false},"product_cat":[108,46],"product_tag":[],"class_list":{"0":"post-2969","1":"product","2":"type-product","3":"status-publish","4":"has-post-thumbnail","6":"product_cat-naissance-bebe-enfant","7":"product_cat-articles-cadeaux","8":"wcpa_has_options","10":"first","11":"instock","12":"shipping-taxable","13":"purchasable","14":"product-type-simple","15":"thumb-no-effect","16":"prod-rating-off"},"wcpa_form_fields":{"rules":{"pric_overide_base_price":false,"pric_overide_base_price_if_gt_zero":false,"pric_cal_option_once":false,"pric_use_as_fee":false,"bind_quantity":false,"quantity_bind_formula":false},"fields":[{"type":"text","elementId":"wcpa-text-1725556677005","label":"Pr\u00e9nom","description":"Inscrivez le pr\u00e9nom de l'enfant","pricingType":"fixed","name":"text-1725556677005","subtype":"text","cl_rule":"show","col":6,"relations":false,"form_id":2972,"form_rules":{"pric_cal_option_once":false,"exclude_from_discount":false,"pric_use_as_fee":false,"fee_label":"Fee","render_after_acb":false,"disp_hide_options_price":false}}]},"yoast_head":"<!-- This site is optimized with the Yoast SEO plugin v19.13 - https:\/\/yoast.com\/wordpress\/plugins\/seo\/ -->\n<title>Tableau &quot;Mes premiers sourires&quot; - M&amp;S Creation<\/title>\n<meta name=\"description\" content=\"Immortalisez la premi\u00e8re ann\u00e9e de votre b\u00e9b\u00e9 avec ce magnifique cadre en bois personnalis\u00e9 ou offrez un cadeau unique aux jeunes parents.\" \/>\n<meta name=\"robots\" content=\"index, follow, max-snippet:-1, max-image-preview:large, max-video-preview:-1\" \/>\n<link rel=\"canonical\" href=\"http:\/\/mscreations.be\/index.php\/product\/tableau-mes-premiers-sourires\/\" \/>\n<meta property=\"og:locale\" content=\"fr_FR\" \/>\n<meta property=\"og:type\" content=\"article\" \/>\n<meta property=\"og:title\" content=\"Tableau &quot;Mes premiers sourires&quot; - M&amp;S Creation\" \/>\n<meta property=\"og:description\" content=\"Immortalisez la premi\u00e8re ann\u00e9e de votre b\u00e9b\u00e9 avec ce magnifique cadre en bois personnalis\u00e9 ou offrez un cadeau unique aux jeunes parents.\" \/>\n<meta property=\"og:url\" content=\"http:\/\/mscreations.be\/index.php\/product\/tableau-mes-premiers-sourires\/\" \/>\n<meta property=\"og:site_name\" content=\"M&amp;S Creation\" \/>\n<meta property=\"article:publisher\" content=\"https:\/\/www.facebook.com\/profile.php?id=100063148215530\" \/>\n<meta property=\"article:modified_time\" content=\"2024-09-05T17:26:43+00:00\" \/>\n<meta property=\"og:image\" content=\"http:\/\/mscreations.be\/wp-content\/uploads\/2024\/09\/IMG_20240905_105117_923-1.jpg\" \/>\n\t<meta property=\"og:image:width\" content=\"890\" \/>\n\t<meta property=\"og:image:height\" content=\"1186\" \/>\n\t<meta property=\"og:image:type\" content=\"image\/jpeg\" \/>\n<meta name=\"twitter:card\" content=\"summary_large_image\" \/>\n<script type=\"application\/ld+json\" class=\"yoast-schema-graph\">{\"@context\":\"https:\/\/schema.org\",\"@graph\":[{\"@type\":\"WebPage\",\"@id\":\"http:\/\/mscreations.be\/index.php\/product\/tableau-mes-premiers-sourires\/\",\"url\":\"http:\/\/mscreations.be\/index.php\/product\/tableau-mes-premiers-sourires\/\",\"name\":\"Tableau \\\"Mes premiers sourires\\\" - M&amp;S Creation\",\"isPartOf\":{\"@id\":\"http:\/\/mscreations.be\/#website\"},\"datePublished\":\"2024-09-05T17:13:19+00:00\",\"dateModified\":\"2024-09-05T17:26:43+00:00\",\"description\":\"Immortalisez la premi\u00e8re ann\u00e9e de votre b\u00e9b\u00e9 avec ce magnifique cadre en bois personnalis\u00e9 ou offrez un cadeau unique aux jeunes parents.\",\"breadcrumb\":{\"@id\":\"http:\/\/mscreations.be\/index.php\/product\/tableau-mes-premiers-sourires\/#breadcrumb\"},\"inLanguage\":\"fr-BE\",\"potentialAction\":[{\"@type\":\"ReadAction\",\"target\":[\"http:\/\/mscreations.be\/index.php\/product\/tableau-mes-premiers-sourires\/\"]}]},{\"@type\":\"BreadcrumbList\",\"@id\":\"http:\/\/mscreations.be\/index.php\/product\/tableau-mes-premiers-sourires\/#breadcrumb\",\"itemListElement\":[{\"@type\":\"ListItem\",\"position\":1,\"name\":\"Accueil\",\"item\":\"http:\/\/mscreations.be\/\"},{\"@type\":\"ListItem\",\"position\":2,\"name\":\"Boutique\",\"item\":\"http:\/\/mscreations.be\/index.php\/shop-3\/\"},{\"@type\":\"ListItem\",\"position\":3,\"name\":\"Tableau &#8220;Mes premiers sourires&#8221;\"}]},{\"@type\":\"WebSite\",\"@id\":\"http:\/\/mscreations.be\/#website\",\"url\":\"http:\/\/mscreations.be\/\",\"name\":\"M&S Creation\",\"description\":\"\",\"publisher\":{\"@id\":\"http:\/\/mscreations.be\/#organization\"},\"potentialAction\":[{\"@type\":\"SearchAction\",\"target\":{\"@type\":\"EntryPoint\",\"urlTemplate\":\"http:\/\/mscreations.be\/?s={search_term_string}\"},\"query-input\":\"required name=search_term_string\"}],\"inLanguage\":\"fr-BE\"},{\"@type\":\"Organization\",\"@id\":\"http:\/\/mscreations.be\/#organization\",\"name\":\"M&S Creation\",\"url\":\"http:\/\/mscreations.be\/\",\"logo\":{\"@type\":\"ImageObject\",\"inLanguage\":\"fr-BE\",\"@id\":\"http:\/\/mscreations.be\/#\/schema\/logo\/image\/\",\"url\":\"http:\/\/mscreations.be\/wp-content\/uploads\/2022\/01\/cropped-cropped-ms.png\",\"contentUrl\":\"http:\/\/mscreations.be\/wp-content\/uploads\/2022\/01\/cropped-cropped-ms.png\",\"width\":512,\"height\":512,\"caption\":\"M&S Creation\"},\"image\":{\"@id\":\"http:\/\/mscreations.be\/#\/schema\/logo\/image\/\"},\"sameAs\":[\"https:\/\/www.facebook.com\/profile.php?id=100063148215530\"]}]}<\/script>\n<!-- \/ Yoast SEO plugin. -->","yoast_head_json":{"title":"Tableau \"Mes premiers sourires\" - M&amp;S Creation","description":"Immortalisez la premi\u00e8re ann\u00e9e de votre b\u00e9b\u00e9 avec ce magnifique cadre en bois personnalis\u00e9 ou offrez un cadeau unique aux jeunes parents.","robots":{"index":"index","follow":"follow","max-snippet":"max-snippet:-1","max-image-preview":"max-image-preview:large","max-video-preview":"max-video-preview:-1"},"canonical":"http:\/\/mscreations.be\/index.php\/product\/tableau-mes-premiers-sourires\/","og_locale":"fr_FR","og_type":"article","og_title":"Tableau \"Mes premiers sourires\" - M&amp;S Creation","og_description":"Immortalisez la premi\u00e8re ann\u00e9e de votre b\u00e9b\u00e9 avec ce magnifique cadre en bois personnalis\u00e9 ou offrez un cadeau unique aux jeunes parents.","og_url":"http:\/\/mscreations.be\/index.php\/product\/tableau-mes-premiers-sourires\/","og_site_name":"M&amp;S Creation","article_publisher":"https:\/\/www.facebook.com\/profile.php?id=100063148215530","article_modified_time":"2024-09-05T17:26:43+00:00","og_image":[{"width":890,"height":1186,"url":"http:\/\/mscreations.be\/wp-content\/uploads\/2024\/09\/IMG_20240905_105117_923-1.jpg","type":"image\/jpeg"}],"twitter_card":"summary_large_image","schema":{"@context":"https:\/\/schema.org","@graph":[{"@type":"WebPage","@id":"http:\/\/mscreations.be\/index.php\/product\/tableau-mes-premiers-sourires\/","url":"http:\/\/mscreations.be\/index.php\/product\/tableau-mes-premiers-sourires\/","name":"Tableau \"Mes premiers sourires\" - M&amp;S Creation","isPartOf":{"@id":"http:\/\/mscreations.be\/#website"},"datePublished":"2024-09-05T17:13:19+00:00","dateModified":"2024-09-05T17:26:43+00:00","description":"Immortalisez la premi\u00e8re ann\u00e9e de votre b\u00e9b\u00e9 avec ce magnifique cadre en bois personnalis\u00e9 ou offrez un cadeau unique aux jeunes parents.","breadcrumb":{"@id":"http:\/\/mscreations.be\/index.php\/product\/tableau-mes-premiers-sourires\/#breadcrumb"},"inLanguage":"fr-BE","potentialAction":[{"@type":"ReadAction","target":["http:\/\/mscreations.be\/index.php\/product\/tableau-mes-premiers-sourires\/"]}]},{"@type":"BreadcrumbList","@id":"http:\/\/mscreations.be\/index.php\/product\/tableau-mes-premiers-sourires\/#breadcrumb","itemListElement":[{"@type":"ListItem","position":1,"name":"Accueil","item":"http:\/\/mscreations.be\/"},{"@type":"ListItem","position":2,"name":"Boutique","item":"http:\/\/mscreations.be\/index.php\/shop-3\/"},{"@type":"ListItem","position":3,"name":"Tableau &#8220;Mes premiers sourires&#8221;"}]},{"@type":"WebSite","@id":"http:\/\/mscreations.be\/#website","url":"http:\/\/mscreations.be\/","name":"M&S Creation","description":"","publisher":{"@id":"http:\/\/mscreations.be\/#organization"},"potentialAction":[{"@type":"SearchAction","target":{"@type":"EntryPoint","urlTemplate":"http:\/\/mscreations.be\/?s={search_term_string}"},"query-input":"required name=search_term_string"}],"inLanguage":"fr-BE"},{"@type":"Organization","@id":"http:\/\/mscreations.be\/#organization","name":"M&S Creation","url":"http:\/\/mscreations.be\/","logo":{"@type":"ImageObject","inLanguage":"fr-BE","@id":"http:\/\/mscreations.be\/#\/schema\/logo\/image\/","url":"http:\/\/mscreations.be\/wp-content\/uploads\/2022\/01\/cropped-cropped-ms.png","contentUrl":"http:\/\/mscreations.be\/wp-content\/uploads\/2022\/01\/cropped-cropped-ms.png","width":512,"height":512,"caption":"M&S Creation"},"image":{"@id":"http:\/\/mscreations.be\/#\/schema\/logo\/image\/"},"sameAs":["https:\/\/www.facebook.com\/profile.php?id=100063148215530"]}]}},"_links":{"self":[{"href":"http:\/\/mscreations.be\/index.php\/wp-json\/wp\/v2\/product\/2969","targetHints":{"allow":["GET"]}}],"collection":[{"href":"http:\/\/mscreations.be\/index.php\/wp-json\/wp\/v2\/product"}],"about":[{"href":"http:\/\/mscreations.be\/index.php\/wp-json\/wp\/v2\/types\/product"}],"replies":[{"embeddable":true,"href":"http:\/\/mscreations.be\/index.php\/wp-json\/wp\/v2\/comments?post=2969"}],"wp:featuredmedia":[{"embeddable":true,"href":"http:\/\/mscreations.be\/index.php\/wp-json\/wp\/v2\/media\/2970"}],"wp:attachment":[{"href":"http:\/\/mscreations.be\/index.php\/wp-json\/wp\/v2\/media?parent=2969"}],"wp:term":[{"taxonomy":"product_cat","embeddable":true,"href":"http:\/\/mscreations.be\/index.php\/wp-json\/wp\/v2\/product_cat?post=2969"},{"taxonomy":"product_tag","embeddable":true,"href":"http:\/\/mscreations.be\/index.php\/wp-json\/wp\/v2\/product_tag?post=2969"}],"curies":[{"name":"wp","href":"https:\/\/api.w.org\/{rel}","templated":true}]}}