{"id":2942,"date":"2024-08-25T11:34:24","date_gmt":"2024-08-25T11:34:24","guid":{"rendered":"https:\/\/mscreations.be\/?post_type=product&#038;p=2942"},"modified":"2024-08-25T11:36:10","modified_gmt":"2024-08-25T11:36:10","slug":"arbre-genealogique-cadres-photos-2","status":"publish","type":"product","link":"http:\/\/mscreations.be\/index.php\/product\/arbre-genealogique-cadres-photos-2\/","title":{"rendered":"Arbre g\u00e9n\u00e9alogique + cadres photos 2"},"content":{"rendered":"<p>Notre arbre g\u00e9n\u00e9alogique en bois + cadres photos transformera n&#8217;importe quel mur ordinaire en un bel endroit o\u00f9 vous pourrez placer vos photos de famille.<\/p>\n<p>Notre Arbre g\u00e9n\u00e9alogique est fabriqu\u00e9 soit en bois mdf teint\u00e9 noir ou en contre-plaqu\u00e9 ch\u00eane massif.<\/p>\n<p>Notre arbre est accompagn\u00e9 de 9 cadres photos de 10 x 15 cm et 1 cadre photo de 20 x 25 cm.<\/p>\n<p>Les cadres seront fournis avec des verres de protection en acrylique.<\/p>\n<p>Les cadres ont des \u00e9videments \u00e0 l&#8217;arri\u00e8re pour une fixation facile (\u00e0 la fois horizontalement ou verticalement). Les cadres peuvent \u00eatre accroch\u00e9s sur des clous\/crochets ou ancrages.<\/p>\n<p>Nous fournirons du ruban adh\u00e9sif double face afin de vous permettre d&#8217;accrocher facilement votre commande au mur.<\/p>\n<p>Cette arbre g\u00e9n\u00e9alogique est un cadeau unique parfait pour tout le monde.<\/p>\n<p>Il vous est possible d&#8217;ajouter des cadres, de modifier la disposition ou de personnaliser les dimensions. Pour toutes modifications, n&#8217;h\u00e9sitez pas \u00e0 nous contacter par courriel, t\u00e9l\u00e9phone ou via les r\u00e9seaux sociaux.<\/p>\n<p><a href=\"https:\/\/mscreations.be\/index.php\/product\/arbre-genealogique-cadres-photos\/\">Arbre g\u00e9n\u00e9alogique + cadres photos<\/a><\/p>\n","protected":false},"excerpt":{"rendered":"<p>Notre arbre g\u00e9n\u00e9alogique + cadres photos disponible en plusieurs dimensions et coloris s&#8217;accorde \u00e0 toutes les types de d\u00e9corations d&#8217;int\u00e9rieur (d\u00e9coration moderne, rustique, vintage, &#8230;) Cette d\u00e9coration murale en bois (mdf)\u00a0 teint\u00e9 noir ou en contre-plaqu\u00e9 ch\u00eane massif est id\u00e9ale pour donner une touche d&#8217;originalit\u00e9 \u00e0 une pi\u00e8ce de vie&hellip;<\/p>\n","protected":false},"featured_media":2943,"comment_status":"open","ping_status":"closed","template":"","meta":{"_themeisle_gutenberg_block_has_review":false},"product_cat":[38],"product_tag":[],"class_list":{"0":"post-2942","1":"product","2":"type-product","3":"status-publish","4":"has-post-thumbnail","6":"product_cat-decorations-murales","7":"wcpa_has_options","9":"first","10":"instock","11":"shipping-taxable","12":"purchasable","13":"product-type-variable","14":"thumb-no-effect","15":"prod-rating-off"},"wcpa_form_fields":{"rules":{"pric_overide_base_price":false,"pric_overide_base_price_if_gt_zero":false,"pric_cal_option_once":false,"pric_use_as_fee":false,"bind_quantity":false,"quantity_bind_formula":false},"fields":[{"type":"text","elementId":"wcpa-text-1666886587433","label":"Entrez le premier mot \"Family\" \"Famille\" ou autre","pricingType":"fixed","name":"text-1666886587432","subtype":"text","cl_rule":"show","col":6,"relations":false,"form_id":1406,"form_rules":{"pric_cal_option_once":false,"exclude_from_discount":false,"pric_use_as_fee":false,"fee_label":"Fee","render_after_acb":false,"disp_hide_options_price":false}},{"type":"text","elementId":"wcpa-text-1666886621872","label":"Entrez le nom (ou autre)","pricingType":"fixed","name":"text-1666886621872","subtype":"text","cl_rule":"show","col":6,"relations":false,"form_id":1406,"form_rules":{"pric_cal_option_once":false,"exclude_from_discount":false,"pric_use_as_fee":false,"fee_label":"Fee","render_after_acb":false,"disp_hide_options_price":false}}]},"yoast_head":"<!-- This site is optimized with the Yoast SEO plugin v19.13 - https:\/\/yoast.com\/wordpress\/plugins\/seo\/ -->\n<title>Arbre g\u00e9n\u00e9alogique + cadres photos 2 - M&amp;S Creation<\/title>\n<meta name=\"description\" content=\"Notre arbre g\u00e9n\u00e9alogique en bois + cadres photos transformera n&#039;importe quel mur ordinaire en un bel endroit o\u00f9 vous pourrez placer vos photos de famille.\" \/>\n<meta name=\"robots\" content=\"index, follow, max-snippet:-1, max-image-preview:large, max-video-preview:-1\" \/>\n<link rel=\"canonical\" href=\"http:\/\/mscreations.be\/index.php\/product\/arbre-genealogique-cadres-photos-2\/\" \/>\n<meta property=\"og:locale\" content=\"fr_FR\" \/>\n<meta property=\"og:type\" content=\"article\" \/>\n<meta property=\"og:title\" content=\"Arbre g\u00e9n\u00e9alogique + cadres photos 2 - M&amp;S Creation\" \/>\n<meta property=\"og:description\" content=\"Notre arbre g\u00e9n\u00e9alogique en bois + cadres photos transformera n&#039;importe quel mur ordinaire en un bel endroit o\u00f9 vous pourrez placer vos photos de famille.\" \/>\n<meta property=\"og:url\" content=\"http:\/\/mscreations.be\/index.php\/product\/arbre-genealogique-cadres-photos-2\/\" \/>\n<meta property=\"og:site_name\" content=\"M&amp;S Creation\" \/>\n<meta property=\"article:publisher\" content=\"https:\/\/www.facebook.com\/profile.php?id=100063148215530\" \/>\n<meta property=\"article:modified_time\" content=\"2024-08-25T11:36:10+00:00\" \/>\n<meta property=\"og:image\" content=\"http:\/\/mscreations.be\/wp-content\/uploads\/2024\/08\/Arbre-cadre-2-WEB.jpg\" \/>\n\t<meta property=\"og:image:width\" content=\"800\" \/>\n\t<meta property=\"og:image:height\" content=\"560\" \/>\n\t<meta property=\"og:image:type\" content=\"image\/jpeg\" \/>\n<meta name=\"twitter:card\" content=\"summary_large_image\" \/>\n<meta name=\"twitter:label1\" content=\"Dur\u00e9e de lecture est.\" \/>\n\t<meta name=\"twitter:data1\" content=\"1 minute\" \/>\n<script type=\"application\/ld+json\" class=\"yoast-schema-graph\">{\"@context\":\"https:\/\/schema.org\",\"@graph\":[{\"@type\":\"WebPage\",\"@id\":\"http:\/\/mscreations.be\/index.php\/product\/arbre-genealogique-cadres-photos-2\/\",\"url\":\"http:\/\/mscreations.be\/index.php\/product\/arbre-genealogique-cadres-photos-2\/\",\"name\":\"Arbre g\u00e9n\u00e9alogique + cadres photos 2 - M&amp;S Creation\",\"isPartOf\":{\"@id\":\"http:\/\/mscreations.be\/#website\"},\"datePublished\":\"2024-08-25T11:34:24+00:00\",\"dateModified\":\"2024-08-25T11:36:10+00:00\",\"description\":\"Notre arbre g\u00e9n\u00e9alogique en bois + cadres photos transformera n'importe quel mur ordinaire en un bel endroit o\u00f9 vous pourrez placer vos photos de famille.\",\"breadcrumb\":{\"@id\":\"http:\/\/mscreations.be\/index.php\/product\/arbre-genealogique-cadres-photos-2\/#breadcrumb\"},\"inLanguage\":\"fr-BE\",\"potentialAction\":[{\"@type\":\"ReadAction\",\"target\":[\"http:\/\/mscreations.be\/index.php\/product\/arbre-genealogique-cadres-photos-2\/\"]}]},{\"@type\":\"BreadcrumbList\",\"@id\":\"http:\/\/mscreations.be\/index.php\/product\/arbre-genealogique-cadres-photos-2\/#breadcrumb\",\"itemListElement\":[{\"@type\":\"ListItem\",\"position\":1,\"name\":\"Accueil\",\"item\":\"http:\/\/mscreations.be\/\"},{\"@type\":\"ListItem\",\"position\":2,\"name\":\"Boutique\",\"item\":\"http:\/\/mscreations.be\/index.php\/shop-3\/\"},{\"@type\":\"ListItem\",\"position\":3,\"name\":\"Arbre g\u00e9n\u00e9alogique + cadres photos 2\"}]},{\"@type\":\"WebSite\",\"@id\":\"http:\/\/mscreations.be\/#website\",\"url\":\"http:\/\/mscreations.be\/\",\"name\":\"M&S Creation\",\"description\":\"\",\"publisher\":{\"@id\":\"http:\/\/mscreations.be\/#organization\"},\"potentialAction\":[{\"@type\":\"SearchAction\",\"target\":{\"@type\":\"EntryPoint\",\"urlTemplate\":\"http:\/\/mscreations.be\/?s={search_term_string}\"},\"query-input\":\"required name=search_term_string\"}],\"inLanguage\":\"fr-BE\"},{\"@type\":\"Organization\",\"@id\":\"http:\/\/mscreations.be\/#organization\",\"name\":\"M&S Creation\",\"url\":\"http:\/\/mscreations.be\/\",\"logo\":{\"@type\":\"ImageObject\",\"inLanguage\":\"fr-BE\",\"@id\":\"http:\/\/mscreations.be\/#\/schema\/logo\/image\/\",\"url\":\"http:\/\/mscreations.be\/wp-content\/uploads\/2022\/01\/cropped-cropped-ms.png\",\"contentUrl\":\"http:\/\/mscreations.be\/wp-content\/uploads\/2022\/01\/cropped-cropped-ms.png\",\"width\":512,\"height\":512,\"caption\":\"M&S Creation\"},\"image\":{\"@id\":\"http:\/\/mscreations.be\/#\/schema\/logo\/image\/\"},\"sameAs\":[\"https:\/\/www.facebook.com\/profile.php?id=100063148215530\"]}]}<\/script>\n<!-- \/ Yoast SEO plugin. -->","yoast_head_json":{"title":"Arbre g\u00e9n\u00e9alogique + cadres photos 2 - M&amp;S Creation","description":"Notre arbre g\u00e9n\u00e9alogique en bois + cadres photos transformera n'importe quel mur ordinaire en un bel endroit o\u00f9 vous pourrez placer vos photos de famille.","robots":{"index":"index","follow":"follow","max-snippet":"max-snippet:-1","max-image-preview":"max-image-preview:large","max-video-preview":"max-video-preview:-1"},"canonical":"http:\/\/mscreations.be\/index.php\/product\/arbre-genealogique-cadres-photos-2\/","og_locale":"fr_FR","og_type":"article","og_title":"Arbre g\u00e9n\u00e9alogique + cadres photos 2 - M&amp;S Creation","og_description":"Notre arbre g\u00e9n\u00e9alogique en bois + cadres photos transformera n'importe quel mur ordinaire en un bel endroit o\u00f9 vous pourrez placer vos photos de famille.","og_url":"http:\/\/mscreations.be\/index.php\/product\/arbre-genealogique-cadres-photos-2\/","og_site_name":"M&amp;S Creation","article_publisher":"https:\/\/www.facebook.com\/profile.php?id=100063148215530","article_modified_time":"2024-08-25T11:36:10+00:00","og_image":[{"width":800,"height":560,"url":"http:\/\/mscreations.be\/wp-content\/uploads\/2024\/08\/Arbre-cadre-2-WEB.jpg","type":"image\/jpeg"}],"twitter_card":"summary_large_image","twitter_misc":{"Dur\u00e9e de lecture est.":"1 minute"},"schema":{"@context":"https:\/\/schema.org","@graph":[{"@type":"WebPage","@id":"http:\/\/mscreations.be\/index.php\/product\/arbre-genealogique-cadres-photos-2\/","url":"http:\/\/mscreations.be\/index.php\/product\/arbre-genealogique-cadres-photos-2\/","name":"Arbre g\u00e9n\u00e9alogique + cadres photos 2 - M&amp;S Creation","isPartOf":{"@id":"http:\/\/mscreations.be\/#website"},"datePublished":"2024-08-25T11:34:24+00:00","dateModified":"2024-08-25T11:36:10+00:00","description":"Notre arbre g\u00e9n\u00e9alogique en bois + cadres photos transformera n'importe quel mur ordinaire en un bel endroit o\u00f9 vous pourrez placer vos photos de famille.","breadcrumb":{"@id":"http:\/\/mscreations.be\/index.php\/product\/arbre-genealogique-cadres-photos-2\/#breadcrumb"},"inLanguage":"fr-BE","potentialAction":[{"@type":"ReadAction","target":["http:\/\/mscreations.be\/index.php\/product\/arbre-genealogique-cadres-photos-2\/"]}]},{"@type":"BreadcrumbList","@id":"http:\/\/mscreations.be\/index.php\/product\/arbre-genealogique-cadres-photos-2\/#breadcrumb","itemListElement":[{"@type":"ListItem","position":1,"name":"Accueil","item":"http:\/\/mscreations.be\/"},{"@type":"ListItem","position":2,"name":"Boutique","item":"http:\/\/mscreations.be\/index.php\/shop-3\/"},{"@type":"ListItem","position":3,"name":"Arbre g\u00e9n\u00e9alogique + cadres photos 2"}]},{"@type":"WebSite","@id":"http:\/\/mscreations.be\/#website","url":"http:\/\/mscreations.be\/","name":"M&S Creation","description":"","publisher":{"@id":"http:\/\/mscreations.be\/#organization"},"potentialAction":[{"@type":"SearchAction","target":{"@type":"EntryPoint","urlTemplate":"http:\/\/mscreations.be\/?s={search_term_string}"},"query-input":"required name=search_term_string"}],"inLanguage":"fr-BE"},{"@type":"Organization","@id":"http:\/\/mscreations.be\/#organization","name":"M&S Creation","url":"http:\/\/mscreations.be\/","logo":{"@type":"ImageObject","inLanguage":"fr-BE","@id":"http:\/\/mscreations.be\/#\/schema\/logo\/image\/","url":"http:\/\/mscreations.be\/wp-content\/uploads\/2022\/01\/cropped-cropped-ms.png","contentUrl":"http:\/\/mscreations.be\/wp-content\/uploads\/2022\/01\/cropped-cropped-ms.png","width":512,"height":512,"caption":"M&S Creation"},"image":{"@id":"http:\/\/mscreations.be\/#\/schema\/logo\/image\/"},"sameAs":["https:\/\/www.facebook.com\/profile.php?id=100063148215530"]}]}},"_links":{"self":[{"href":"http:\/\/mscreations.be\/index.php\/wp-json\/wp\/v2\/product\/2942","targetHints":{"allow":["GET"]}}],"collection":[{"href":"http:\/\/mscreations.be\/index.php\/wp-json\/wp\/v2\/product"}],"about":[{"href":"http:\/\/mscreations.be\/index.php\/wp-json\/wp\/v2\/types\/product"}],"replies":[{"embeddable":true,"href":"http:\/\/mscreations.be\/index.php\/wp-json\/wp\/v2\/comments?post=2942"}],"wp:featuredmedia":[{"embeddable":true,"href":"http:\/\/mscreations.be\/index.php\/wp-json\/wp\/v2\/media\/2943"}],"wp:attachment":[{"href":"http:\/\/mscreations.be\/index.php\/wp-json\/wp\/v2\/media?parent=2942"}],"wp:term":[{"taxonomy":"product_cat","embeddable":true,"href":"http:\/\/mscreations.be\/index.php\/wp-json\/wp\/v2\/product_cat?post=2942"},{"taxonomy":"product_tag","embeddable":true,"href":"http:\/\/mscreations.be\/index.php\/wp-json\/wp\/v2\/product_tag?post=2942"}],"curies":[{"name":"wp","href":"https:\/\/api.w.org\/{rel}","templated":true}]}}

Arbre généalogique + cadres photos 2

<p>Notre arbre généalogique en bois + cadres photos transformera n&#8217;importe quel mur ordinaire en un bel endroit où vous pourrez placer vos photos de famille.</p>
<p>Notre Arbre généalogique est fabriqué soit en bois mdf teinté noir ou en contre-plaqué chêne massif.</p>
<p>Notre arbre est accompagné de 9 cadres photos de 10 x 15 cm et 1 cadre photo de 20 x 25 cm.</p>
<p>Les cadres seront fournis avec des verres de protection en acrylique.</p>
<p>Les cadres ont des évidements à l&#8217;arrière pour une fixation facile (à la fois horizontalement ou verticalement). Les cadres peuvent être accrochés sur des clous/crochets ou ancrages.</p>
<p>Nous fournirons du ruban adhésif double face afin de vous permettre d&#8217;accrocher facilement votre commande au mur.</p>
<p>Cette arbre généalogique est un cadeau unique parfait pour tout le monde.</p>
<p>Il vous est possible d&#8217;ajouter des cadres, de modifier la disposition ou de personnaliser les dimensions. Pour toutes modifications, n&#8217;hésitez pas à nous contacter par courriel, téléphone ou via les réseaux sociaux.</p>
<p><a href="https://mscreations.be/index.php/product/arbre-genealogique-cadres-photos/">Arbre généalogique + cadres photos</a></p>

<p>Notre arbre généalogique + cadres photos disponible en plusieurs dimensions et coloris s&#8217;accorde à toutes les types de décorations d&#8217;intérieur (décoration moderne, rustique, vintage, &#8230;) Cette décoration murale en bois (mdf)  teinté noir ou en contre-plaqué chêne massif est idéale pour donner une touche d&#8217;originalité à une pièce de vie&hellip;</p>

<!-- This site is optimized with the Yoast SEO plugin v19.13 - https://yoast.com/wordpress/plugins/seo/ -->
<title>Arbre généalogique + cadres photos 2 - M&amp;S Creation</title>
<meta name="description" content="Notre arbre généalogique en bois + cadres photos transformera n&#039;importe quel mur ordinaire en un bel endroit où vous pourrez placer vos photos de famille." />
<meta name="robots" content="index, follow, max-snippet:-1, max-image-preview:large, max-video-preview:-1" />
<link rel="canonical" href="http://mscreations.be/index.php/product/arbre-genealogique-cadres-photos-2/" />
<meta property="og:locale" content="fr_FR" />
<meta property="og:type" content="article" />
<meta property="og:title" content="Arbre généalogique + cadres photos 2 - M&amp;S Creation" />
<meta property="og:description" content="Notre arbre généalogique en bois + cadres photos transformera n&#039;importe quel mur ordinaire en un bel endroit où vous pourrez placer vos photos de famille." />
<meta property="og:url" content="http://mscreations.be/index.php/product/arbre-genealogique-cadres-photos-2/" />
<meta property="og:site_name" content="M&amp;S Creation" />
<meta property="article:publisher" content="https://www.facebook.com/profile.php?id=100063148215530" />
<meta property="article:modified_time" content="2024-08-25T11:36:10+00:00" />
<meta property="og:image" content="http://mscreations.be/wp-content/uploads/2024/08/Arbre-cadre-2-WEB.jpg" />
	<meta property="og:image:width" content="800" />
	<meta property="og:image:height" content="560" />
	<meta property="og:image:type" content="image/jpeg" />
<meta name="twitter:card" content="summary_large_image" />
<meta name="twitter:label1" content="Durée de lecture est." />
	<meta name="twitter:data1" content="1 minute" />
<script type="application/ld+json" class="yoast-schema-graph">{"@context":"https://schema.org","@graph":[{"@type":"WebPage","@id":"http://mscreations.be/index.php/product/arbre-genealogique-cadres-photos-2/","url":"http://mscreations.be/index.php/product/arbre-genealogique-cadres-photos-2/","name":"Arbre généalogique + cadres photos 2 - M&amp;S Creation","isPartOf":{"@id":"http://mscreations.be/#website"},"datePublished":"2024-08-25T11:34:24+00:00","dateModified":"2024-08-25T11:36:10+00:00","description":"Notre arbre généalogique en bois + cadres photos transformera n'importe quel mur ordinaire en un bel endroit où vous pourrez placer vos photos de famille.","breadcrumb":{"@id":"http://mscreations.be/index.php/product/arbre-genealogique-cadres-photos-2/#breadcrumb"},"inLanguage":"fr-BE","potentialAction":[{"@type":"ReadAction","target":["http://mscreations.be/index.php/product/arbre-genealogique-cadres-photos-2/"]}]},{"@type":"BreadcrumbList","@id":"http://mscreations.be/index.php/product/arbre-genealogique-cadres-photos-2/#breadcrumb","itemListElement":[{"@type":"ListItem","position":1,"name":"Accueil","item":"http://mscreations.be/"},{"@type":"ListItem","position":2,"name":"Boutique","item":"http://mscreations.be/index.php/shop-3/"},{"@type":"ListItem","position":3,"name":"Arbre généalogique + cadres photos 2"}]},{"@type":"WebSite","@id":"http://mscreations.be/#website","url":"http://mscreations.be/","name":"M&S Creation","description":"","publisher":{"@id":"http://mscreations.be/#organization"},"potentialAction":[{"@type":"SearchAction","target":{"@type":"EntryPoint","urlTemplate":"http://mscreations.be/?s={search_term_string}"},"query-input":"required name=search_term_string"}],"inLanguage":"fr-BE"},{"@type":"Organization","@id":"http://mscreations.be/#organization","name":"M&S Creation","url":"http://mscreations.be/","logo":{"@type":"ImageObject","inLanguage":"fr-BE","@id":"http://mscreations.be/#/schema/logo/image/","url":"http://mscreations.be/wp-content/uploads/2022/01/cropped-cropped-ms.png","contentUrl":"http://mscreations.be/wp-content/uploads/2022/01/cropped-cropped-ms.png","width":512,"height":512,"caption":"M&S Creation"},"image":{"@id":"http://mscreations.be/#/schema/logo/image/"},"sameAs":["https://www.facebook.com/profile.php?id=100063148215530"]}]}</script>
<!-- / Yoast SEO plugin. -->

Arbre généalogique + cadres photos 2 - M&amp;S Creation

Notre arbre généalogique en bois + cadres photos transformera n'importe quel mur ordinaire en un bel endroit où vous pourrez placer vos photos de famille.
