{"id":2423,"date":"2024-04-26T16:19:26","date_gmt":"2024-04-26T16:19:26","guid":{"rendered":"https:\/\/mscreations.be\/?post_type=product&#038;p=2423"},"modified":"2024-05-15T18:35:31","modified_gmt":"2024-05-15T18:35:31","slug":"arbre-je-t-aime-maman","status":"publish","type":"product","link":"http:\/\/mscreations.be\/index.php\/product\/arbre-je-t-aime-maman\/","title":{"rendered":"Arbre &#8211; Je t&#8217;aime Maman"},"content":{"rendered":"","protected":false},"excerpt":{"rendered":"<p>Notre Arbre &#8220;Je t&#8217;aime Maman&#8221; est disponible en plusieurs dimensions et coloris s&#8217;accorde \u00e0 toutes les d\u00e9corations d&#8217;int\u00e9rieur (d\u00e9coration moderne, rustique, vintage, &#8230;) et est un cadeau id\u00e9al \u00e0 l&#8217;occasion de la f\u00eate des M\u00e8res. Cette d\u00e9coration murale est r\u00e9alis\u00e9e en bois mdf teint\u00e9 noir ou en bois peuplier plaquage&hellip;<\/p>\n","protected":false},"featured_media":2424,"comment_status":"open","ping_status":"closed","template":"","meta":{"_themeisle_gutenberg_block_has_review":false},"product_cat":[95],"product_tag":[],"class_list":{"0":"post-2423","1":"product","2":"type-product","3":"status-publish","4":"has-post-thumbnail","6":"product_cat-fete-des-meres","8":"first","9":"instock","10":"shipping-taxable","11":"purchasable","12":"product-type-variable","13":"thumb-no-effect","14":"prod-rating-off"},"wcpa_form_fields":null,"yoast_head":"<!-- This site is optimized with the Yoast SEO plugin v19.13 - https:\/\/yoast.com\/wordpress\/plugins\/seo\/ -->\n<title>Arbre - Je t&#039;aime Maman - M&amp;S Creation<\/title>\n<meta name=\"robots\" content=\"index, follow, max-snippet:-1, max-image-preview:large, max-video-preview:-1\" \/>\n<link rel=\"canonical\" href=\"http:\/\/mscreations.be\/index.php\/product\/arbre-je-t-aime-maman\/\" \/>\n<meta property=\"og:locale\" content=\"fr_FR\" \/>\n<meta property=\"og:type\" content=\"article\" \/>\n<meta property=\"og:title\" content=\"Arbre - Je t&#039;aime Maman - M&amp;S Creation\" \/>\n<meta property=\"og:description\" content=\"Notre Arbre &quot;Je t&#039;aime Maman&quot; est disponible en plusieurs dimensions et coloris s&#039;accorde \u00e0 toutes les d\u00e9corations d&#039;int\u00e9rieur (d\u00e9coration moderne, rustique, vintage, ...) et est un cadeau id\u00e9al \u00e0 l&#039;occasion de la f\u00eate des M\u00e8res. Cette d\u00e9coration murale est r\u00e9alis\u00e9e en bois mdf teint\u00e9 noir ou en bois peuplier plaquage&hellip;\" \/>\n<meta property=\"og:url\" content=\"http:\/\/mscreations.be\/index.php\/product\/arbre-je-t-aime-maman\/\" \/>\n<meta property=\"og:site_name\" content=\"M&amp;S Creation\" \/>\n<meta property=\"article:publisher\" content=\"https:\/\/www.facebook.com\/profile.php?id=100063148215530\" \/>\n<meta property=\"article:modified_time\" content=\"2024-05-15T18:35:31+00:00\" \/>\n<meta property=\"og:image\" content=\"http:\/\/mscreations.be\/wp-content\/uploads\/2024\/04\/Je-taime-maman-arbre-web.jpg\" \/>\n\t<meta property=\"og:image:width\" content=\"800\" \/>\n\t<meta property=\"og:image:height\" content=\"631\" \/>\n\t<meta property=\"og:image:type\" content=\"image\/jpeg\" \/>\n<meta name=\"twitter:card\" content=\"summary_large_image\" \/>\n<script type=\"application\/ld+json\" class=\"yoast-schema-graph\">{\"@context\":\"https:\/\/schema.org\",\"@graph\":[{\"@type\":\"WebPage\",\"@id\":\"http:\/\/mscreations.be\/index.php\/product\/arbre-je-t-aime-maman\/\",\"url\":\"http:\/\/mscreations.be\/index.php\/product\/arbre-je-t-aime-maman\/\",\"name\":\"Arbre - Je t'aime Maman - M&amp;S Creation\",\"isPartOf\":{\"@id\":\"http:\/\/mscreations.be\/#website\"},\"datePublished\":\"2024-04-26T16:19:26+00:00\",\"dateModified\":\"2024-05-15T18:35:31+00:00\",\"breadcrumb\":{\"@id\":\"http:\/\/mscreations.be\/index.php\/product\/arbre-je-t-aime-maman\/#breadcrumb\"},\"inLanguage\":\"fr-BE\",\"potentialAction\":[{\"@type\":\"ReadAction\",\"target\":[\"http:\/\/mscreations.be\/index.php\/product\/arbre-je-t-aime-maman\/\"]}]},{\"@type\":\"BreadcrumbList\",\"@id\":\"http:\/\/mscreations.be\/index.php\/product\/arbre-je-t-aime-maman\/#breadcrumb\",\"itemListElement\":[{\"@type\":\"ListItem\",\"position\":1,\"name\":\"Accueil\",\"item\":\"http:\/\/mscreations.be\/\"},{\"@type\":\"ListItem\",\"position\":2,\"name\":\"Boutique\",\"item\":\"http:\/\/mscreations.be\/index.php\/shop-3\/\"},{\"@type\":\"ListItem\",\"position\":3,\"name\":\"Arbre &#8211; Je t&#8217;aime Maman\"}]},{\"@type\":\"WebSite\",\"@id\":\"http:\/\/mscreations.be\/#website\",\"url\":\"http:\/\/mscreations.be\/\",\"name\":\"M&S Creation\",\"description\":\"\",\"publisher\":{\"@id\":\"http:\/\/mscreations.be\/#organization\"},\"potentialAction\":[{\"@type\":\"SearchAction\",\"target\":{\"@type\":\"EntryPoint\",\"urlTemplate\":\"http:\/\/mscreations.be\/?s={search_term_string}\"},\"query-input\":\"required name=search_term_string\"}],\"inLanguage\":\"fr-BE\"},{\"@type\":\"Organization\",\"@id\":\"http:\/\/mscreations.be\/#organization\",\"name\":\"M&S Creation\",\"url\":\"http:\/\/mscreations.be\/\",\"logo\":{\"@type\":\"ImageObject\",\"inLanguage\":\"fr-BE\",\"@id\":\"http:\/\/mscreations.be\/#\/schema\/logo\/image\/\",\"url\":\"http:\/\/mscreations.be\/wp-content\/uploads\/2022\/01\/cropped-cropped-ms.png\",\"contentUrl\":\"http:\/\/mscreations.be\/wp-content\/uploads\/2022\/01\/cropped-cropped-ms.png\",\"width\":512,\"height\":512,\"caption\":\"M&S Creation\"},\"image\":{\"@id\":\"http:\/\/mscreations.be\/#\/schema\/logo\/image\/\"},\"sameAs\":[\"https:\/\/www.facebook.com\/profile.php?id=100063148215530\"]}]}<\/script>\n<!-- \/ Yoast SEO plugin. -->","yoast_head_json":{"title":"Arbre - Je t'aime Maman - M&amp;S Creation","robots":{"index":"index","follow":"follow","max-snippet":"max-snippet:-1","max-image-preview":"max-image-preview:large","max-video-preview":"max-video-preview:-1"},"canonical":"http:\/\/mscreations.be\/index.php\/product\/arbre-je-t-aime-maman\/","og_locale":"fr_FR","og_type":"article","og_title":"Arbre - Je t'aime Maman - M&amp;S Creation","og_description":"Notre Arbre \"Je t'aime Maman\" est disponible en plusieurs dimensions et coloris s'accorde \u00e0 toutes les d\u00e9corations d'int\u00e9rieur (d\u00e9coration moderne, rustique, vintage, ...) et est un cadeau id\u00e9al \u00e0 l'occasion de la f\u00eate des M\u00e8res. Cette d\u00e9coration murale est r\u00e9alis\u00e9e en bois mdf teint\u00e9 noir ou en bois peuplier plaquage&hellip;","og_url":"http:\/\/mscreations.be\/index.php\/product\/arbre-je-t-aime-maman\/","og_site_name":"M&amp;S Creation","article_publisher":"https:\/\/www.facebook.com\/profile.php?id=100063148215530","article_modified_time":"2024-05-15T18:35:31+00:00","og_image":[{"width":800,"height":631,"url":"http:\/\/mscreations.be\/wp-content\/uploads\/2024\/04\/Je-taime-maman-arbre-web.jpg","type":"image\/jpeg"}],"twitter_card":"summary_large_image","schema":{"@context":"https:\/\/schema.org","@graph":[{"@type":"WebPage","@id":"http:\/\/mscreations.be\/index.php\/product\/arbre-je-t-aime-maman\/","url":"http:\/\/mscreations.be\/index.php\/product\/arbre-je-t-aime-maman\/","name":"Arbre - Je t'aime Maman - M&amp;S Creation","isPartOf":{"@id":"http:\/\/mscreations.be\/#website"},"datePublished":"2024-04-26T16:19:26+00:00","dateModified":"2024-05-15T18:35:31+00:00","breadcrumb":{"@id":"http:\/\/mscreations.be\/index.php\/product\/arbre-je-t-aime-maman\/#breadcrumb"},"inLanguage":"fr-BE","potentialAction":[{"@type":"ReadAction","target":["http:\/\/mscreations.be\/index.php\/product\/arbre-je-t-aime-maman\/"]}]},{"@type":"BreadcrumbList","@id":"http:\/\/mscreations.be\/index.php\/product\/arbre-je-t-aime-maman\/#breadcrumb","itemListElement":[{"@type":"ListItem","position":1,"name":"Accueil","item":"http:\/\/mscreations.be\/"},{"@type":"ListItem","position":2,"name":"Boutique","item":"http:\/\/mscreations.be\/index.php\/shop-3\/"},{"@type":"ListItem","position":3,"name":"Arbre &#8211; Je t&#8217;aime Maman"}]},{"@type":"WebSite","@id":"http:\/\/mscreations.be\/#website","url":"http:\/\/mscreations.be\/","name":"M&S Creation","description":"","publisher":{"@id":"http:\/\/mscreations.be\/#organization"},"potentialAction":[{"@type":"SearchAction","target":{"@type":"EntryPoint","urlTemplate":"http:\/\/mscreations.be\/?s={search_term_string}"},"query-input":"required name=search_term_string"}],"inLanguage":"fr-BE"},{"@type":"Organization","@id":"http:\/\/mscreations.be\/#organization","name":"M&S Creation","url":"http:\/\/mscreations.be\/","logo":{"@type":"ImageObject","inLanguage":"fr-BE","@id":"http:\/\/mscreations.be\/#\/schema\/logo\/image\/","url":"http:\/\/mscreations.be\/wp-content\/uploads\/2022\/01\/cropped-cropped-ms.png","contentUrl":"http:\/\/mscreations.be\/wp-content\/uploads\/2022\/01\/cropped-cropped-ms.png","width":512,"height":512,"caption":"M&S Creation"},"image":{"@id":"http:\/\/mscreations.be\/#\/schema\/logo\/image\/"},"sameAs":["https:\/\/www.facebook.com\/profile.php?id=100063148215530"]}]}},"_links":{"self":[{"href":"http:\/\/mscreations.be\/index.php\/wp-json\/wp\/v2\/product\/2423","targetHints":{"allow":["GET"]}}],"collection":[{"href":"http:\/\/mscreations.be\/index.php\/wp-json\/wp\/v2\/product"}],"about":[{"href":"http:\/\/mscreations.be\/index.php\/wp-json\/wp\/v2\/types\/product"}],"replies":[{"embeddable":true,"href":"http:\/\/mscreations.be\/index.php\/wp-json\/wp\/v2\/comments?post=2423"}],"wp:featuredmedia":[{"embeddable":true,"href":"http:\/\/mscreations.be\/index.php\/wp-json\/wp\/v2\/media\/2424"}],"wp:attachment":[{"href":"http:\/\/mscreations.be\/index.php\/wp-json\/wp\/v2\/media?parent=2423"}],"wp:term":[{"taxonomy":"product_cat","embeddable":true,"href":"http:\/\/mscreations.be\/index.php\/wp-json\/wp\/v2\/product_cat?post=2423"},{"taxonomy":"product_tag","embeddable":true,"href":"http:\/\/mscreations.be\/index.php\/wp-json\/wp\/v2\/product_tag?post=2423"}],"curies":[{"name":"wp","href":"https:\/\/api.w.org\/{rel}","templated":true}]}}

<p>Notre Arbre &#8220;Je t&#8217;aime Maman&#8221; est disponible en plusieurs dimensions et coloris s&#8217;accorde à toutes les décorations d&#8217;intérieur (décoration moderne, rustique, vintage, &#8230;) et est un cadeau idéal à l&#8217;occasion de la fête des Mères. Cette décoration murale est réalisée en bois mdf teinté noir ou en bois peuplier plaquage&hellip;</p>

<!-- This site is optimized with the Yoast SEO plugin v19.13 - https://yoast.com/wordpress/plugins/seo/ -->
<title>Arbre - Je t&#039;aime Maman - M&amp;S Creation</title>
<meta name="robots" content="index, follow, max-snippet:-1, max-image-preview:large, max-video-preview:-1" />
<link rel="canonical" href="http://mscreations.be/index.php/product/arbre-je-t-aime-maman/" />
<meta property="og:locale" content="fr_FR" />
<meta property="og:type" content="article" />
<meta property="og:title" content="Arbre - Je t&#039;aime Maman - M&amp;S Creation" />
<meta property="og:description" content="Notre Arbre &quot;Je t&#039;aime Maman&quot; est disponible en plusieurs dimensions et coloris s&#039;accorde à toutes les décorations d&#039;intérieur (décoration moderne, rustique, vintage, ...) et est un cadeau idéal à l&#039;occasion de la fête des Mères. Cette décoration murale est réalisée en bois mdf teinté noir ou en bois peuplier plaquage&hellip;" />
<meta property="og:url" content="http://mscreations.be/index.php/product/arbre-je-t-aime-maman/" />
<meta property="og:site_name" content="M&amp;S Creation" />
<meta property="article:publisher" content="https://www.facebook.com/profile.php?id=100063148215530" />
<meta property="article:modified_time" content="2024-05-15T18:35:31+00:00" />
<meta property="og:image" content="http://mscreations.be/wp-content/uploads/2024/04/Je-taime-maman-arbre-web.jpg" />
	<meta property="og:image:width" content="800" />
	<meta property="og:image:height" content="631" />
	<meta property="og:image:type" content="image/jpeg" />
<meta name="twitter:card" content="summary_large_image" />
<script type="application/ld+json" class="yoast-schema-graph">{"@context":"https://schema.org","@graph":[{"@type":"WebPage","@id":"http://mscreations.be/index.php/product/arbre-je-t-aime-maman/","url":"http://mscreations.be/index.php/product/arbre-je-t-aime-maman/","name":"Arbre - Je t'aime Maman - M&amp;S Creation","isPartOf":{"@id":"http://mscreations.be/#website"},"datePublished":"2024-04-26T16:19:26+00:00","dateModified":"2024-05-15T18:35:31+00:00","breadcrumb":{"@id":"http://mscreations.be/index.php/product/arbre-je-t-aime-maman/#breadcrumb"},"inLanguage":"fr-BE","potentialAction":[{"@type":"ReadAction","target":["http://mscreations.be/index.php/product/arbre-je-t-aime-maman/"]}]},{"@type":"BreadcrumbList","@id":"http://mscreations.be/index.php/product/arbre-je-t-aime-maman/#breadcrumb","itemListElement":[{"@type":"ListItem","position":1,"name":"Accueil","item":"http://mscreations.be/"},{"@type":"ListItem","position":2,"name":"Boutique","item":"http://mscreations.be/index.php/shop-3/"},{"@type":"ListItem","position":3,"name":"Arbre &#8211; Je t&#8217;aime Maman"}]},{"@type":"WebSite","@id":"http://mscreations.be/#website","url":"http://mscreations.be/","name":"M&S Creation","description":"","publisher":{"@id":"http://mscreations.be/#organization"},"potentialAction":[{"@type":"SearchAction","target":{"@type":"EntryPoint","urlTemplate":"http://mscreations.be/?s={search_term_string}"},"query-input":"required name=search_term_string"}],"inLanguage":"fr-BE"},{"@type":"Organization","@id":"http://mscreations.be/#organization","name":"M&S Creation","url":"http://mscreations.be/","logo":{"@type":"ImageObject","inLanguage":"fr-BE","@id":"http://mscreations.be/#/schema/logo/image/","url":"http://mscreations.be/wp-content/uploads/2022/01/cropped-cropped-ms.png","contentUrl":"http://mscreations.be/wp-content/uploads/2022/01/cropped-cropped-ms.png","width":512,"height":512,"caption":"M&S Creation"},"image":{"@id":"http://mscreations.be/#/schema/logo/image/"},"sameAs":["https://www.facebook.com/profile.php?id=100063148215530"]}]}</script>
<!-- / Yoast SEO plugin. -->

Notre Arbre "Je t'aime Maman" est disponible en plusieurs dimensions et coloris s'accorde à toutes les décorations d'intérieur (décoration moderne, rustique, vintage, ...) et est un cadeau idéal à l'occasion de la fête des Mères. Cette décoration murale est réalisée en bois mdf teinté noir ou en bois peuplier plaquage&hellip;
