{"id":2003,"date":"2023-10-29T13:48:46","date_gmt":"2023-10-29T13:48:46","guid":{"rendered":"https:\/\/mscreations.be\/?post_type=product&#038;p=2003"},"modified":"2024-11-10T08:18:31","modified_gmt":"2024-11-10T08:18:31","slug":"boule-de-noel-personnalisee","status":"publish","type":"product","link":"http:\/\/mscreations.be\/index.php\/product\/boule-de-noel-personnalisee\/","title":{"rendered":"Boules de No\u00ebl personnalis\u00e9es"},"content":{"rendered":"<p>Nos boules de No\u00ebl personnalis\u00e9es sont disponibles en plusieurs mod\u00e8les et essences. Ces petites d\u00e9corations sont id\u00e9ales pour embellir votre sapin.<\/p>\n","protected":false},"excerpt":{"rendered":"<p>Les d\u00e9corations de No\u00ebl en bois apportent chaleur et charme naturel \u00e0 l\u2019ambiance des f\u00eates. Elles se distinguent par leur simplicit\u00e9 et leur \u00e9l\u00e9gance, avec de fines gravures. Id\u00e9ales pour les amateurs de d\u00e9coration naturelle, elles sont durables et parfaites pour cr\u00e9er une atmosph\u00e8re authentique et chaleureuse.<\/p>\n","protected":false},"featured_media":3146,"comment_status":"open","ping_status":"closed","template":"","meta":{"_themeisle_gutenberg_block_has_review":false},"product_cat":[47],"product_tag":[],"class_list":{"0":"post-2003","1":"product","2":"type-product","3":"status-publish","4":"has-post-thumbnail","6":"product_cat-noel","7":"wcpa_has_options","9":"first","10":"instock","11":"shipping-taxable","12":"purchasable","13":"product-type-variable","14":"has-default-attributes","15":"thumb-no-effect","16":"prod-rating-off"},"wcpa_form_fields":{"rules":{"pric_overide_base_price":false,"pric_overide_base_price_if_gt_zero":false,"pric_cal_option_once":false,"pric_use_as_fee":false,"bind_quantity":false,"quantity_bind_formula":false},"fields":[{"type":"text","required":true,"elementId":"wcpa-text-1666558938478","label":"Entrez le texte","pricingType":"fixed","name":"text-1666558938478","subtype":"text","cl_rule":"show","col":6,"relations":false,"form_id":1362,"form_rules":{"pric_cal_option_once":false,"exclude_from_discount":false,"pric_use_as_fee":false,"fee_label":"Fee","render_after_acb":false,"disp_hide_options_price":false}}]},"yoast_head":"<!-- This site is optimized with the Yoast SEO plugin v19.13 - https:\/\/yoast.com\/wordpress\/plugins\/seo\/ -->\n<title>Boules de No\u00ebl personnalis\u00e9es - M&amp;S Creation<\/title>\n<meta name=\"description\" content=\"Nos boules de No\u00ebl personnalis\u00e9es sont disponibles en plusieurs mod\u00e8les et couleurs. Ces petites d\u00e9corations sont id\u00e9ales pour embellir votre sapin.\" \/>\n<meta name=\"robots\" content=\"index, follow, max-snippet:-1, max-image-preview:large, max-video-preview:-1\" \/>\n<link rel=\"canonical\" href=\"http:\/\/mscreations.be\/index.php\/product\/boule-de-noel-personnalisee\/\" \/>\n<meta property=\"og:locale\" content=\"fr_FR\" \/>\n<meta property=\"og:type\" content=\"article\" \/>\n<meta property=\"og:title\" content=\"Boules de No\u00ebl personnalis\u00e9es - M&amp;S Creation\" \/>\n<meta property=\"og:description\" content=\"Nos boules de No\u00ebl personnalis\u00e9es sont disponibles en plusieurs mod\u00e8les et couleurs. Ces petites d\u00e9corations sont id\u00e9ales pour embellir votre sapin.\" \/>\n<meta property=\"og:url\" content=\"http:\/\/mscreations.be\/index.php\/product\/boule-de-noel-personnalisee\/\" \/>\n<meta property=\"og:site_name\" content=\"M&amp;S Creation\" \/>\n<meta property=\"article:publisher\" content=\"https:\/\/www.facebook.com\/profile.php?id=100063148215530\" \/>\n<meta property=\"article:modified_time\" content=\"2024-11-10T08:18:31+00:00\" \/>\n<meta property=\"og:image\" content=\"http:\/\/mscreations.be\/wp-content\/uploads\/2024\/11\/IMG_20241108_101004_409.jpg\" \/>\n\t<meta property=\"og:image:width\" content=\"897\" \/>\n\t<meta property=\"og:image:height\" content=\"960\" \/>\n\t<meta property=\"og:image:type\" content=\"image\/jpeg\" \/>\n<meta name=\"twitter:card\" content=\"summary_large_image\" \/>\n<meta name=\"twitter:label1\" content=\"Dur\u00e9e de lecture est.\" \/>\n\t<meta name=\"twitter:data1\" content=\"1 minute\" \/>\n<script type=\"application\/ld+json\" class=\"yoast-schema-graph\">{\"@context\":\"https:\/\/schema.org\",\"@graph\":[{\"@type\":\"WebPage\",\"@id\":\"http:\/\/mscreations.be\/index.php\/product\/boule-de-noel-personnalisee\/\",\"url\":\"http:\/\/mscreations.be\/index.php\/product\/boule-de-noel-personnalisee\/\",\"name\":\"Boules de No\u00ebl personnalis\u00e9es - M&amp;S Creation\",\"isPartOf\":{\"@id\":\"http:\/\/mscreations.be\/#website\"},\"datePublished\":\"2023-10-29T13:48:46+00:00\",\"dateModified\":\"2024-11-10T08:18:31+00:00\",\"description\":\"Nos boules de No\u00ebl personnalis\u00e9es sont disponibles en plusieurs mod\u00e8les et couleurs. Ces petites d\u00e9corations sont id\u00e9ales pour embellir votre sapin.\",\"breadcrumb\":{\"@id\":\"http:\/\/mscreations.be\/index.php\/product\/boule-de-noel-personnalisee\/#breadcrumb\"},\"inLanguage\":\"fr-BE\",\"potentialAction\":[{\"@type\":\"ReadAction\",\"target\":[\"http:\/\/mscreations.be\/index.php\/product\/boule-de-noel-personnalisee\/\"]}]},{\"@type\":\"BreadcrumbList\",\"@id\":\"http:\/\/mscreations.be\/index.php\/product\/boule-de-noel-personnalisee\/#breadcrumb\",\"itemListElement\":[{\"@type\":\"ListItem\",\"position\":1,\"name\":\"Accueil\",\"item\":\"http:\/\/mscreations.be\/\"},{\"@type\":\"ListItem\",\"position\":2,\"name\":\"Boutique\",\"item\":\"http:\/\/mscreations.be\/index.php\/shop-3\/\"},{\"@type\":\"ListItem\",\"position\":3,\"name\":\"Boules de No\u00ebl personnalis\u00e9es\"}]},{\"@type\":\"WebSite\",\"@id\":\"http:\/\/mscreations.be\/#website\",\"url\":\"http:\/\/mscreations.be\/\",\"name\":\"M&S Creation\",\"description\":\"\",\"publisher\":{\"@id\":\"http:\/\/mscreations.be\/#organization\"},\"potentialAction\":[{\"@type\":\"SearchAction\",\"target\":{\"@type\":\"EntryPoint\",\"urlTemplate\":\"http:\/\/mscreations.be\/?s={search_term_string}\"},\"query-input\":\"required name=search_term_string\"}],\"inLanguage\":\"fr-BE\"},{\"@type\":\"Organization\",\"@id\":\"http:\/\/mscreations.be\/#organization\",\"name\":\"M&S Creation\",\"url\":\"http:\/\/mscreations.be\/\",\"logo\":{\"@type\":\"ImageObject\",\"inLanguage\":\"fr-BE\",\"@id\":\"http:\/\/mscreations.be\/#\/schema\/logo\/image\/\",\"url\":\"http:\/\/mscreations.be\/wp-content\/uploads\/2022\/01\/cropped-cropped-ms.png\",\"contentUrl\":\"http:\/\/mscreations.be\/wp-content\/uploads\/2022\/01\/cropped-cropped-ms.png\",\"width\":512,\"height\":512,\"caption\":\"M&S Creation\"},\"image\":{\"@id\":\"http:\/\/mscreations.be\/#\/schema\/logo\/image\/\"},\"sameAs\":[\"https:\/\/www.facebook.com\/profile.php?id=100063148215530\"]}]}<\/script>\n<!-- \/ Yoast SEO plugin. -->","yoast_head_json":{"title":"Boules de No\u00ebl personnalis\u00e9es - M&amp;S Creation","description":"Nos boules de No\u00ebl personnalis\u00e9es sont disponibles en plusieurs mod\u00e8les et couleurs. Ces petites d\u00e9corations sont id\u00e9ales pour embellir votre sapin.","robots":{"index":"index","follow":"follow","max-snippet":"max-snippet:-1","max-image-preview":"max-image-preview:large","max-video-preview":"max-video-preview:-1"},"canonical":"http:\/\/mscreations.be\/index.php\/product\/boule-de-noel-personnalisee\/","og_locale":"fr_FR","og_type":"article","og_title":"Boules de No\u00ebl personnalis\u00e9es - M&amp;S Creation","og_description":"Nos boules de No\u00ebl personnalis\u00e9es sont disponibles en plusieurs mod\u00e8les et couleurs. Ces petites d\u00e9corations sont id\u00e9ales pour embellir votre sapin.","og_url":"http:\/\/mscreations.be\/index.php\/product\/boule-de-noel-personnalisee\/","og_site_name":"M&amp;S Creation","article_publisher":"https:\/\/www.facebook.com\/profile.php?id=100063148215530","article_modified_time":"2024-11-10T08:18:31+00:00","og_image":[{"width":897,"height":960,"url":"http:\/\/mscreations.be\/wp-content\/uploads\/2024\/11\/IMG_20241108_101004_409.jpg","type":"image\/jpeg"}],"twitter_card":"summary_large_image","twitter_misc":{"Dur\u00e9e de lecture est.":"1 minute"},"schema":{"@context":"https:\/\/schema.org","@graph":[{"@type":"WebPage","@id":"http:\/\/mscreations.be\/index.php\/product\/boule-de-noel-personnalisee\/","url":"http:\/\/mscreations.be\/index.php\/product\/boule-de-noel-personnalisee\/","name":"Boules de No\u00ebl personnalis\u00e9es - M&amp;S Creation","isPartOf":{"@id":"http:\/\/mscreations.be\/#website"},"datePublished":"2023-10-29T13:48:46+00:00","dateModified":"2024-11-10T08:18:31+00:00","description":"Nos boules de No\u00ebl personnalis\u00e9es sont disponibles en plusieurs mod\u00e8les et couleurs. Ces petites d\u00e9corations sont id\u00e9ales pour embellir votre sapin.","breadcrumb":{"@id":"http:\/\/mscreations.be\/index.php\/product\/boule-de-noel-personnalisee\/#breadcrumb"},"inLanguage":"fr-BE","potentialAction":[{"@type":"ReadAction","target":["http:\/\/mscreations.be\/index.php\/product\/boule-de-noel-personnalisee\/"]}]},{"@type":"BreadcrumbList","@id":"http:\/\/mscreations.be\/index.php\/product\/boule-de-noel-personnalisee\/#breadcrumb","itemListElement":[{"@type":"ListItem","position":1,"name":"Accueil","item":"http:\/\/mscreations.be\/"},{"@type":"ListItem","position":2,"name":"Boutique","item":"http:\/\/mscreations.be\/index.php\/shop-3\/"},{"@type":"ListItem","position":3,"name":"Boules de No\u00ebl personnalis\u00e9es"}]},{"@type":"WebSite","@id":"http:\/\/mscreations.be\/#website","url":"http:\/\/mscreations.be\/","name":"M&S Creation","description":"","publisher":{"@id":"http:\/\/mscreations.be\/#organization"},"potentialAction":[{"@type":"SearchAction","target":{"@type":"EntryPoint","urlTemplate":"http:\/\/mscreations.be\/?s={search_term_string}"},"query-input":"required name=search_term_string"}],"inLanguage":"fr-BE"},{"@type":"Organization","@id":"http:\/\/mscreations.be\/#organization","name":"M&S Creation","url":"http:\/\/mscreations.be\/","logo":{"@type":"ImageObject","inLanguage":"fr-BE","@id":"http:\/\/mscreations.be\/#\/schema\/logo\/image\/","url":"http:\/\/mscreations.be\/wp-content\/uploads\/2022\/01\/cropped-cropped-ms.png","contentUrl":"http:\/\/mscreations.be\/wp-content\/uploads\/2022\/01\/cropped-cropped-ms.png","width":512,"height":512,"caption":"M&S Creation"},"image":{"@id":"http:\/\/mscreations.be\/#\/schema\/logo\/image\/"},"sameAs":["https:\/\/www.facebook.com\/profile.php?id=100063148215530"]}]}},"_links":{"self":[{"href":"http:\/\/mscreations.be\/index.php\/wp-json\/wp\/v2\/product\/2003","targetHints":{"allow":["GET"]}}],"collection":[{"href":"http:\/\/mscreations.be\/index.php\/wp-json\/wp\/v2\/product"}],"about":[{"href":"http:\/\/mscreations.be\/index.php\/wp-json\/wp\/v2\/types\/product"}],"replies":[{"embeddable":true,"href":"http:\/\/mscreations.be\/index.php\/wp-json\/wp\/v2\/comments?post=2003"}],"wp:featuredmedia":[{"embeddable":true,"href":"http:\/\/mscreations.be\/index.php\/wp-json\/wp\/v2\/media\/3146"}],"wp:attachment":[{"href":"http:\/\/mscreations.be\/index.php\/wp-json\/wp\/v2\/media?parent=2003"}],"wp:term":[{"taxonomy":"product_cat","embeddable":true,"href":"http:\/\/mscreations.be\/index.php\/wp-json\/wp\/v2\/product_cat?post=2003"},{"taxonomy":"product_tag","embeddable":true,"href":"http:\/\/mscreations.be\/index.php\/wp-json\/wp\/v2\/product_tag?post=2003"}],"curies":[{"name":"wp","href":"https:\/\/api.w.org\/{rel}","templated":true}]}}